{"id":359,"date":"2024-04-14T23:47:09","date_gmt":"2024-04-14T21:47:09","guid":{"rendered":"https:\/\/nuvem.paris\/index.php\/produit\/broderie-logo-blanc-organic-oversize-shirt-stick\/"},"modified":"2025-04-16T22:00:26","modified_gmt":"2025-04-16T20:00:26","slug":"broderie-logo-blanc-organic-oversize-shirt-stick","status":"publish","type":"product","link":"https:\/\/nuvem.paris\/index.php\/produit\/broderie-logo-blanc-organic-oversize-shirt-stick\/","title":{"rendered":"T SHIRT NUVEM <br \/> Brod\u00e9"},"content":{"rendered":"<ul>\n<li>ATTENTION : les d\u00e9lais de livraison peut \u00eatre plus long que d&rsquo;habitude sur cette article !<\/li>\n<li>Le produit est raffin\u00e9 par la broderie<\/li>\n<li>T-shirt unisexe oversize \u00e0 col montant<\/li>\n<li>Mati\u00e8re : 100 % coton (qualit\u00e9 biologique, fil\u00e9 \u00e0 l&rsquo;anneau, peign\u00e9)<\/li>\n<li>Grammage: 200 GSM<\/li>\n<li>Coupe : coupe d\u00e9contract\u00e9e<\/li>\n<li>Manches mont\u00e9es<\/li>\n<li>Manches overcut<\/li>\n<li>C\u00f4te 1&#215;1 sur encolure \u00e9troite<\/li>\n<li>Tour de cou contrast\u00e9, fabriqu\u00e9 dans notre propre tissu<\/li>\n<li>Larges doubles coutures aux extr\u00e9mit\u00e9s des manches et \u00e0 l&rsquo;ourlet du bas<\/li>\n<\/ul>\n<p><img fetchpriority=\"high\" decoding=\"async\" class=\"alignnone size-medium wp-image-826\" src=\"https:\/\/nuvem.paris\/wp-content\/uploads\/2024\/04\/Group-2-300x230.jpg\" alt=\"\" width=\"300\" height=\"230\" srcset=\"https:\/\/nuvem.paris\/wp-content\/uploads\/2024\/04\/Group-2-300x230.jpg 300w, https:\/\/nuvem.paris\/wp-content\/uploads\/2024\/04\/Group-2-1024x784.jpg 1024w, https:\/\/nuvem.paris\/wp-content\/uploads\/2024\/04\/Group-2-768x588.jpg 768w, https:\/\/nuvem.paris\/wp-content\/uploads\/2024\/04\/Group-2-1536x1177.jpg 1536w, https:\/\/nuvem.paris\/wp-content\/uploads\/2024\/04\/Group-2-600x460.jpg 600w, https:\/\/nuvem.paris\/wp-content\/uploads\/2024\/04\/Group-2.jpg 2000w\" sizes=\"(max-width: 300px) 100vw, 300px\" \/><\/p>\n<div class=\"size-image-wrapper\">\n<div class=\"size-hint\">taille oversize<\/div>\n<\/div>\n<div class=\"size-table-wrapper\">\n<table>\n<thead>\n<tr>\n<th><\/th>\n<th class=\"measure-name\">A<\/th>\n<th class=\"measure-name\">B<\/th>\n<th class=\"measure-name\">C<\/th>\n<\/tr>\n<\/thead>\n<tbody>\n<tr class=\"size size-1\">\n<td class=\"size-cell\">XS<\/td>\n<td class=\"measure-cell measure-cell-0\">670 mm<\/td>\n<td class=\"measure-cell measure-cell-1\">610 mm<\/td>\n<td class=\"measure-cell measure-cell-2\">205 mm<\/td>\n<\/tr>\n<tr class=\"size size-2\">\n<td class=\"size-cell\">S<\/td>\n<td class=\"measure-cell measure-cell-0\">710 mm<\/td>\n<td class=\"measure-cell measure-cell-1\">630 mm<\/td>\n<td class=\"measure-cell measure-cell-2\">215 mm<\/td>\n<\/tr>\n<tr class=\"size size-3\">\n<td class=\"size-cell\">M<\/td>\n<td class=\"measure-cell measure-cell-0\">750 mm<\/td>\n<td class=\"measure-cell measure-cell-1\">670 mm<\/td>\n<td class=\"measure-cell measure-cell-2\">230 mm<\/td>\n<\/tr>\n<tr class=\"size size-4\">\n<td class=\"size-cell\">L<\/td>\n<td class=\"measure-cell measure-cell-0\">770 mm<\/td>\n<td class=\"measure-cell measure-cell-1\">700 mm<\/td>\n<td class=\"measure-cell measure-cell-2\">250 mm<\/td>\n<\/tr>\n<tr class=\"size size-5\">\n<td class=\"size-cell\">XL<\/td>\n<td class=\"measure-cell measure-cell-0\">790 mm<\/td>\n<td class=\"measure-cell measure-cell-1\">730 mm<\/td>\n<td class=\"measure-cell measure-cell-2\">255 mm<\/td>\n<\/tr>\n<tr class=\"size size-6\">\n<td class=\"size-cell\">XXL<\/td>\n<td class=\"measure-cell measure-cell-0\">810 mm<\/td>\n<td class=\"measure-cell measure-cell-1\">770 mm<\/td>\n<td class=\"measure-cell measure-cell-2\">260 mm<\/td>\n<\/tr>\n<tr class=\"size size-38\">\n<td class=\"size-cell\">3XL<\/td>\n<td class=\"measure-cell measure-cell-0\">830 mm<\/td>\n<td class=\"measure-cell measure-cell-1\">810 mm<\/td>\n<td class=\"measure-cell measure-cell-2\">265 mm<\/td>\n<\/tr>\n<\/tbody>\n<\/table>\n<\/div>\n<p>Les retours ne sont pour le moment pas possible merci de bien \u00eatre vigilant sur les tailles.<\/p>\n","protected":false},"excerpt":{"rendered":"<p>ATTENTION : les d\u00e9lais de livraison peut \u00eatre plus long que d&rsquo;habitude sur cette article ! Le produit est raffin\u00e9 par la broderie T-shirt unisexe oversize \u00e0 col montant Mati\u00e8re : 100 % coton (qualit\u00e9 biologique, fil\u00e9 \u00e0 l&rsquo;anneau, peign\u00e9) Grammage: 200 GSM Coupe : coupe d\u00e9contract\u00e9e Manches mont\u00e9es Manches overcut C\u00f4te 1&#215;1 sur encolure [&hellip;]<\/p>\n","protected":false},"featured_media":880,"comment_status":"open","ping_status":"closed","template":"","meta":[],"product_brand":[],"product_cat":[33],"product_tag":[],"class_list":{"0":"post-359","1":"product","2":"type-product","3":"status-publish","4":"has-post-thumbnail","6":"product_cat-articles","8":"first","9":"instock","10":"shipping-taxable","11":"purchasable","12":"product-type-variable"},"yoast_head":"<!-- This site is optimized with the Yoast SEO plugin v26.2 - https:\/\/yoast.com\/wordpress\/plugins\/seo\/ -->\n<title>T SHIRT NUVEM  Brod\u00e9 - Nuvem<\/title>\n<meta name=\"robots\" content=\"index, follow, max-snippet:-1, max-image-preview:large, max-video-preview:-1\" \/>\n<link rel=\"canonical\" href=\"https:\/\/nuvem.paris\/index.php\/produit\/broderie-logo-blanc-organic-oversize-shirt-stick\/\" \/>\n<meta property=\"og:locale\" content=\"fr_FR\" \/>\n<meta property=\"og:type\" content=\"article\" \/>\n<meta property=\"og:title\" content=\"T SHIRT NUVEM  Brod\u00e9 - Nuvem\" \/>\n<meta property=\"og:description\" content=\"ATTENTION : les d\u00e9lais de livraison peut \u00eatre plus long que d&rsquo;habitude sur cette article ! Le produit est raffin\u00e9 par la broderie T-shirt unisexe oversize \u00e0 col montant Mati\u00e8re : 100 % coton (qualit\u00e9 biologique, fil\u00e9 \u00e0 l&rsquo;anneau, peign\u00e9) Grammage: 200 GSM Coupe : coupe d\u00e9contract\u00e9e Manches mont\u00e9es Manches overcut C\u00f4te 1&#215;1 sur encolure [&hellip;]\" \/>\n<meta property=\"og:url\" content=\"https:\/\/nuvem.paris\/index.php\/produit\/broderie-logo-blanc-organic-oversize-shirt-stick\/\" \/>\n<meta property=\"og:site_name\" content=\"Nuvem\" \/>\n<meta property=\"article:modified_time\" content=\"2025-04-16T20:00:26+00:00\" \/>\n<meta property=\"og:image\" content=\"https:\/\/nuvem.paris\/wp-content\/uploads\/2024\/04\/front-organic-oversize-shirt-stick-272727-1116x-1.png\" \/>\n\t<meta property=\"og:image:width\" content=\"1116\" \/>\n\t<meta property=\"og:image:height\" content=\"1184\" \/>\n\t<meta property=\"og:image:type\" content=\"image\/png\" \/>\n<meta name=\"twitter:card\" content=\"summary_large_image\" \/>\n<meta name=\"twitter:label1\" content=\"Dur\u00e9e de lecture estim\u00e9e\" \/>\n\t<meta name=\"twitter:data1\" content=\"1 minute\" \/>\n<script type=\"application\/ld+json\" class=\"yoast-schema-graph\">{\"@context\":\"https:\/\/schema.org\",\"@graph\":[{\"@type\":\"WebPage\",\"@id\":\"https:\/\/nuvem.paris\/index.php\/produit\/broderie-logo-blanc-organic-oversize-shirt-stick\/\",\"url\":\"https:\/\/nuvem.paris\/index.php\/produit\/broderie-logo-blanc-organic-oversize-shirt-stick\/\",\"name\":\"T SHIRT NUVEM Brod\u00e9 - Nuvem\",\"isPartOf\":{\"@id\":\"https:\/\/nuvem.paris\/#website\"},\"primaryImageOfPage\":{\"@id\":\"https:\/\/nuvem.paris\/index.php\/produit\/broderie-logo-blanc-organic-oversize-shirt-stick\/#primaryimage\"},\"image\":{\"@id\":\"https:\/\/nuvem.paris\/index.php\/produit\/broderie-logo-blanc-organic-oversize-shirt-stick\/#primaryimage\"},\"thumbnailUrl\":\"https:\/\/nuvem.paris\/wp-content\/uploads\/2024\/04\/front-organic-oversize-shirt-stick-272727-1116x-1.png\",\"datePublished\":\"2024-04-14T21:47:09+00:00\",\"dateModified\":\"2025-04-16T20:00:26+00:00\",\"breadcrumb\":{\"@id\":\"https:\/\/nuvem.paris\/index.php\/produit\/broderie-logo-blanc-organic-oversize-shirt-stick\/#breadcrumb\"},\"inLanguage\":\"fr-FR\",\"potentialAction\":[{\"@type\":\"ReadAction\",\"target\":[\"https:\/\/nuvem.paris\/index.php\/produit\/broderie-logo-blanc-organic-oversize-shirt-stick\/\"]}]},{\"@type\":\"ImageObject\",\"inLanguage\":\"fr-FR\",\"@id\":\"https:\/\/nuvem.paris\/index.php\/produit\/broderie-logo-blanc-organic-oversize-shirt-stick\/#primaryimage\",\"url\":\"https:\/\/nuvem.paris\/wp-content\/uploads\/2024\/04\/front-organic-oversize-shirt-stick-272727-1116x-1.png\",\"contentUrl\":\"https:\/\/nuvem.paris\/wp-content\/uploads\/2024\/04\/front-organic-oversize-shirt-stick-272727-1116x-1.png\",\"width\":1116,\"height\":1184},{\"@type\":\"BreadcrumbList\",\"@id\":\"https:\/\/nuvem.paris\/index.php\/produit\/broderie-logo-blanc-organic-oversize-shirt-stick\/#breadcrumb\",\"itemListElement\":[{\"@type\":\"ListItem\",\"position\":1,\"name\":\"Accueil\",\"item\":\"https:\/\/nuvem.paris\/\"},{\"@type\":\"ListItem\",\"position\":2,\"name\":\"Boutique\",\"item\":\"https:\/\/nuvem.paris\/index.php\/boutique\/\"},{\"@type\":\"ListItem\",\"position\":3,\"name\":\"T SHIRT NUVEM Brod\u00e9\"}]},{\"@type\":\"WebSite\",\"@id\":\"https:\/\/nuvem.paris\/#website\",\"url\":\"https:\/\/nuvem.paris\/\",\"name\":\"Nuvem\",\"description\":\"Portugal inspir\u00e9, nature pr\u00e9serv\u00e9e - la mode \u00e9co-consciente\",\"publisher\":{\"@id\":\"https:\/\/nuvem.paris\/#organization\"},\"potentialAction\":[{\"@type\":\"SearchAction\",\"target\":{\"@type\":\"EntryPoint\",\"urlTemplate\":\"https:\/\/nuvem.paris\/?s={search_term_string}\"},\"query-input\":{\"@type\":\"PropertyValueSpecification\",\"valueRequired\":true,\"valueName\":\"search_term_string\"}}],\"inLanguage\":\"fr-FR\"},{\"@type\":\"Organization\",\"@id\":\"https:\/\/nuvem.paris\/#organization\",\"name\":\"Nuvem\",\"url\":\"https:\/\/nuvem.paris\/\",\"logo\":{\"@type\":\"ImageObject\",\"inLanguage\":\"fr-FR\",\"@id\":\"https:\/\/nuvem.paris\/#\/schema\/logo\/image\/\",\"url\":\"https:\/\/nuvem.paris\/wp-content\/uploads\/2024\/04\/autocollant.png\",\"contentUrl\":\"https:\/\/nuvem.paris\/wp-content\/uploads\/2024\/04\/autocollant.png\",\"width\":800,\"height\":360,\"caption\":\"Nuvem\"},\"image\":{\"@id\":\"https:\/\/nuvem.paris\/#\/schema\/logo\/image\/\"}}]}<\/script>\n<!-- \/ Yoast SEO plugin. -->","yoast_head_json":{"title":"T SHIRT NUVEM  Brod\u00e9 - Nuvem","robots":{"index":"index","follow":"follow","max-snippet":"max-snippet:-1","max-image-preview":"max-image-preview:large","max-video-preview":"max-video-preview:-1"},"canonical":"https:\/\/nuvem.paris\/index.php\/produit\/broderie-logo-blanc-organic-oversize-shirt-stick\/","og_locale":"fr_FR","og_type":"article","og_title":"T SHIRT NUVEM  Brod\u00e9 - Nuvem","og_description":"ATTENTION : les d\u00e9lais de livraison peut \u00eatre plus long que d&rsquo;habitude sur cette article ! Le produit est raffin\u00e9 par la broderie T-shirt unisexe oversize \u00e0 col montant Mati\u00e8re : 100 % coton (qualit\u00e9 biologique, fil\u00e9 \u00e0 l&rsquo;anneau, peign\u00e9) Grammage: 200 GSM Coupe : coupe d\u00e9contract\u00e9e Manches mont\u00e9es Manches overcut C\u00f4te 1&#215;1 sur encolure [&hellip;]","og_url":"https:\/\/nuvem.paris\/index.php\/produit\/broderie-logo-blanc-organic-oversize-shirt-stick\/","og_site_name":"Nuvem","article_modified_time":"2025-04-16T20:00:26+00:00","og_image":[{"width":1116,"height":1184,"url":"https:\/\/nuvem.paris\/wp-content\/uploads\/2024\/04\/front-organic-oversize-shirt-stick-272727-1116x-1.png","type":"image\/png"}],"twitter_card":"summary_large_image","twitter_misc":{"Dur\u00e9e de lecture estim\u00e9e":"1 minute"},"schema":{"@context":"https:\/\/schema.org","@graph":[{"@type":"WebPage","@id":"https:\/\/nuvem.paris\/index.php\/produit\/broderie-logo-blanc-organic-oversize-shirt-stick\/","url":"https:\/\/nuvem.paris\/index.php\/produit\/broderie-logo-blanc-organic-oversize-shirt-stick\/","name":"T SHIRT NUVEM Brod\u00e9 - Nuvem","isPartOf":{"@id":"https:\/\/nuvem.paris\/#website"},"primaryImageOfPage":{"@id":"https:\/\/nuvem.paris\/index.php\/produit\/broderie-logo-blanc-organic-oversize-shirt-stick\/#primaryimage"},"image":{"@id":"https:\/\/nuvem.paris\/index.php\/produit\/broderie-logo-blanc-organic-oversize-shirt-stick\/#primaryimage"},"thumbnailUrl":"https:\/\/nuvem.paris\/wp-content\/uploads\/2024\/04\/front-organic-oversize-shirt-stick-272727-1116x-1.png","datePublished":"2024-04-14T21:47:09+00:00","dateModified":"2025-04-16T20:00:26+00:00","breadcrumb":{"@id":"https:\/\/nuvem.paris\/index.php\/produit\/broderie-logo-blanc-organic-oversize-shirt-stick\/#breadcrumb"},"inLanguage":"fr-FR","potentialAction":[{"@type":"ReadAction","target":["https:\/\/nuvem.paris\/index.php\/produit\/broderie-logo-blanc-organic-oversize-shirt-stick\/"]}]},{"@type":"ImageObject","inLanguage":"fr-FR","@id":"https:\/\/nuvem.paris\/index.php\/produit\/broderie-logo-blanc-organic-oversize-shirt-stick\/#primaryimage","url":"https:\/\/nuvem.paris\/wp-content\/uploads\/2024\/04\/front-organic-oversize-shirt-stick-272727-1116x-1.png","contentUrl":"https:\/\/nuvem.paris\/wp-content\/uploads\/2024\/04\/front-organic-oversize-shirt-stick-272727-1116x-1.png","width":1116,"height":1184},{"@type":"BreadcrumbList","@id":"https:\/\/nuvem.paris\/index.php\/produit\/broderie-logo-blanc-organic-oversize-shirt-stick\/#breadcrumb","itemListElement":[{"@type":"ListItem","position":1,"name":"Accueil","item":"https:\/\/nuvem.paris\/"},{"@type":"ListItem","position":2,"name":"Boutique","item":"https:\/\/nuvem.paris\/index.php\/boutique\/"},{"@type":"ListItem","position":3,"name":"T SHIRT NUVEM Brod\u00e9"}]},{"@type":"WebSite","@id":"https:\/\/nuvem.paris\/#website","url":"https:\/\/nuvem.paris\/","name":"Nuvem","description":"Portugal inspir\u00e9, nature pr\u00e9serv\u00e9e - la mode \u00e9co-consciente","publisher":{"@id":"https:\/\/nuvem.paris\/#organization"},"potentialAction":[{"@type":"SearchAction","target":{"@type":"EntryPoint","urlTemplate":"https:\/\/nuvem.paris\/?s={search_term_string}"},"query-input":{"@type":"PropertyValueSpecification","valueRequired":true,"valueName":"search_term_string"}}],"inLanguage":"fr-FR"},{"@type":"Organization","@id":"https:\/\/nuvem.paris\/#organization","name":"Nuvem","url":"https:\/\/nuvem.paris\/","logo":{"@type":"ImageObject","inLanguage":"fr-FR","@id":"https:\/\/nuvem.paris\/#\/schema\/logo\/image\/","url":"https:\/\/nuvem.paris\/wp-content\/uploads\/2024\/04\/autocollant.png","contentUrl":"https:\/\/nuvem.paris\/wp-content\/uploads\/2024\/04\/autocollant.png","width":800,"height":360,"caption":"Nuvem"},"image":{"@id":"https:\/\/nuvem.paris\/#\/schema\/logo\/image\/"}}]}},"_links":{"self":[{"href":"https:\/\/nuvem.paris\/index.php\/wp-json\/wp\/v2\/product\/359","targetHints":{"allow":["GET"]}}],"collection":[{"href":"https:\/\/nuvem.paris\/index.php\/wp-json\/wp\/v2\/product"}],"about":[{"href":"https:\/\/nuvem.paris\/index.php\/wp-json\/wp\/v2\/types\/product"}],"replies":[{"embeddable":true,"href":"https:\/\/nuvem.paris\/index.php\/wp-json\/wp\/v2\/comments?post=359"}],"version-history":[{"count":7,"href":"https:\/\/nuvem.paris\/index.php\/wp-json\/wp\/v2\/product\/359\/revisions"}],"predecessor-version":[{"id":3674,"href":"https:\/\/nuvem.paris\/index.php\/wp-json\/wp\/v2\/product\/359\/revisions\/3674"}],"wp:featuredmedia":[{"embeddable":true,"href":"https:\/\/nuvem.paris\/index.php\/wp-json\/wp\/v2\/media\/880"}],"wp:attachment":[{"href":"https:\/\/nuvem.paris\/index.php\/wp-json\/wp\/v2\/media?parent=359"}],"wp:term":[{"taxonomy":"product_brand","embeddable":true,"href":"https:\/\/nuvem.paris\/index.php\/wp-json\/wp\/v2\/product_brand?post=359"},{"taxonomy":"product_cat","embeddable":true,"href":"https:\/\/nuvem.paris\/index.php\/wp-json\/wp\/v2\/product_cat?post=359"},{"taxonomy":"product_tag","embeddable":true,"href":"https:\/\/nuvem.paris\/index.php\/wp-json\/wp\/v2\/product_tag?post=359"}],"curies":[{"name":"wp","href":"https:\/\/api.w.org\/{rel}","templated":true}]}}