{"id":3037,"date":"2025-02-24T21:40:02","date_gmt":"2025-02-24T20:40:02","guid":{"rendered":"https:\/\/nuvem.paris\/?post_type=product&#038;p=3037"},"modified":"2026-04-28T18:20:23","modified_gmt":"2026-04-28T16:20:23","slug":"bob-noir-nuvem","status":"publish","type":"product","link":"https:\/\/nuvem.paris\/index.php\/produit\/bob-noir-nuvem\/","title":{"rendered":"BOB NOIR <br \/> Nuvem"},"content":{"rendered":"<p>&nbsp;<\/p>\n<ul class=\"listMCE\">\n<li>Bob avec des \u0153illets brod\u00e9s et surpiq\u00fbres \u00e0 l\u2019extr\u00e9mit\u00e9<\/li>\n<li>Double surpiq\u00fbre au niveau des coutures lat\u00e9rales et autour du haut du chapeau<\/li>\n<li>Bas du bob avec une bande de finition<\/li>\n<li>Tissu \u00e9pais\u00a0: 300 g\/m\u00b2<\/li>\n<li>Tissu ext\u00e9rieur\u00a0: 80\u00a0% coton recycl\u00e9, 20 % polyester recycl\u00e9 ; int\u00e9rieur\u00a0: 100 % coton bio.<\/li>\n<\/ul>\n<div class=\"size-table \">\n<div class=\"size-image-wrapper\">\n<p><img decoding=\"async\" src=\"https:\/\/image.spreadshirtmedia.net\/image-server\/v1\/productTypes\/2096\/variants\/size?width=200&amp;height=200\" alt=\"Bob recycl\u00e9 Stanley\/Stella\" width=\"200\" height=\"200\" \/><\/p>\n<div class=\"size-hint\">taille normal<\/div>\n<\/div>\n<div class=\"size-table-wrapper\">\n<table>\n<thead>\n<tr>\n<th><\/th>\n<th class=\"measure-name\">A<\/th>\n<th class=\"measure-name\">B<\/th>\n<\/tr>\n<\/thead>\n<tbody>\n<tr class=\"size size-25\">\n<td class=\"size-cell\">S\/M (Casquettes)<\/td>\n<td class=\"measure-cell measure-cell-0\">85 mm<\/td>\n<td class=\"measure-cell measure-cell-1\">575 mm<\/td>\n<\/tr>\n<tr class=\"size size-390\">\n<td class=\"size-cell\">M\/L (Casquettes)<\/td>\n<td class=\"measure-cell measure-cell-0\">85 mm<\/td>\n<td class=\"measure-cell measure-cell-1\">600 mm<\/td>\n<\/tr>\n<\/tbody>\n<\/table>\n<p>Pas de retour encore disponible sur cette article<\/p>\n<\/div>\n<\/div>\n","protected":false},"excerpt":{"rendered":"<p>&nbsp; Bob avec des \u0153illets brod\u00e9s et surpiq\u00fbres \u00e0 l\u2019extr\u00e9mit\u00e9 Double surpiq\u00fbre au niveau des coutures lat\u00e9rales et autour du haut du chapeau Bas du bob avec une bande de finition Tissu \u00e9pais\u00a0: 300 g\/m\u00b2 Tissu ext\u00e9rieur\u00a0: 80\u00a0% coton recycl\u00e9, 20 % polyester recycl\u00e9 ; int\u00e9rieur\u00a0: 100 % coton bio. taille normal A B S\/M [&hellip;]<\/p>\n","protected":false},"featured_media":3036,"comment_status":"open","ping_status":"closed","template":"","meta":[],"product_brand":[],"product_cat":[68],"product_tag":[],"class_list":{"0":"post-3037","1":"product","2":"type-product","3":"status-publish","4":"has-post-thumbnail","6":"product_cat-accesoires","8":"first","9":"instock","10":"shipping-taxable","11":"purchasable","12":"product-type-variable"},"yoast_head":"<!-- This site is optimized with the Yoast SEO plugin v26.2 - https:\/\/yoast.com\/wordpress\/plugins\/seo\/ -->\n<title>BOB NOIR  Nuvem - Nuvem<\/title>\n<meta name=\"robots\" content=\"index, follow, max-snippet:-1, max-image-preview:large, max-video-preview:-1\" \/>\n<link rel=\"canonical\" href=\"https:\/\/nuvem.paris\/index.php\/produit\/bob-noir-nuvem\/\" \/>\n<meta property=\"og:locale\" content=\"fr_FR\" \/>\n<meta property=\"og:type\" content=\"article\" \/>\n<meta property=\"og:title\" content=\"BOB NOIR  Nuvem - Nuvem\" \/>\n<meta property=\"og:description\" content=\"&nbsp; Bob avec des \u0153illets brod\u00e9s et surpiq\u00fbres \u00e0 l\u2019extr\u00e9mit\u00e9 Double surpiq\u00fbre au niveau des coutures lat\u00e9rales et autour du haut du chapeau Bas du bob avec une bande de finition Tissu \u00e9pais\u00a0: 300 g\/m\u00b2 Tissu ext\u00e9rieur\u00a0: 80\u00a0% coton recycl\u00e9, 20 % polyester recycl\u00e9 ; int\u00e9rieur\u00a0: 100 % coton bio. taille normal A B S\/M [&hellip;]\" \/>\n<meta property=\"og:url\" content=\"https:\/\/nuvem.paris\/index.php\/produit\/bob-noir-nuvem\/\" \/>\n<meta property=\"og:site_name\" content=\"Nuvem\" \/>\n<meta property=\"article:modified_time\" content=\"2026-04-28T16:20:23+00:00\" \/>\n<meta property=\"og:image\" content=\"https:\/\/nuvem.paris\/wp-content\/uploads\/2025\/02\/1-9.png\" \/>\n\t<meta property=\"og:image:width\" content=\"1000\" \/>\n\t<meta property=\"og:image:height\" content=\"1000\" \/>\n\t<meta property=\"og:image:type\" content=\"image\/png\" \/>\n<meta name=\"twitter:card\" content=\"summary_large_image\" \/>\n<meta name=\"twitter:label1\" content=\"Dur\u00e9e de lecture estim\u00e9e\" \/>\n\t<meta name=\"twitter:data1\" content=\"1 minute\" \/>\n<script type=\"application\/ld+json\" class=\"yoast-schema-graph\">{\"@context\":\"https:\/\/schema.org\",\"@graph\":[{\"@type\":\"WebPage\",\"@id\":\"https:\/\/nuvem.paris\/index.php\/produit\/bob-noir-nuvem\/\",\"url\":\"https:\/\/nuvem.paris\/index.php\/produit\/bob-noir-nuvem\/\",\"name\":\"BOB NOIR Nuvem - Nuvem\",\"isPartOf\":{\"@id\":\"https:\/\/nuvem.paris\/#website\"},\"primaryImageOfPage\":{\"@id\":\"https:\/\/nuvem.paris\/index.php\/produit\/bob-noir-nuvem\/#primaryimage\"},\"image\":{\"@id\":\"https:\/\/nuvem.paris\/index.php\/produit\/bob-noir-nuvem\/#primaryimage\"},\"thumbnailUrl\":\"https:\/\/nuvem.paris\/wp-content\/uploads\/2025\/02\/1-9.png\",\"datePublished\":\"2025-02-24T20:40:02+00:00\",\"dateModified\":\"2026-04-28T16:20:23+00:00\",\"breadcrumb\":{\"@id\":\"https:\/\/nuvem.paris\/index.php\/produit\/bob-noir-nuvem\/#breadcrumb\"},\"inLanguage\":\"fr-FR\",\"potentialAction\":[{\"@type\":\"ReadAction\",\"target\":[\"https:\/\/nuvem.paris\/index.php\/produit\/bob-noir-nuvem\/\"]}]},{\"@type\":\"ImageObject\",\"inLanguage\":\"fr-FR\",\"@id\":\"https:\/\/nuvem.paris\/index.php\/produit\/bob-noir-nuvem\/#primaryimage\",\"url\":\"https:\/\/nuvem.paris\/wp-content\/uploads\/2025\/02\/1-9.png\",\"contentUrl\":\"https:\/\/nuvem.paris\/wp-content\/uploads\/2025\/02\/1-9.png\",\"width\":1000,\"height\":1000},{\"@type\":\"BreadcrumbList\",\"@id\":\"https:\/\/nuvem.paris\/index.php\/produit\/bob-noir-nuvem\/#breadcrumb\",\"itemListElement\":[{\"@type\":\"ListItem\",\"position\":1,\"name\":\"Accueil\",\"item\":\"https:\/\/nuvem.paris\/\"},{\"@type\":\"ListItem\",\"position\":2,\"name\":\"Boutique\",\"item\":\"https:\/\/nuvem.paris\/index.php\/boutique\/\"},{\"@type\":\"ListItem\",\"position\":3,\"name\":\"BOB NOIR Nuvem\"}]},{\"@type\":\"WebSite\",\"@id\":\"https:\/\/nuvem.paris\/#website\",\"url\":\"https:\/\/nuvem.paris\/\",\"name\":\"Nuvem\",\"description\":\"Portugal inspir\u00e9, nature pr\u00e9serv\u00e9e - la mode \u00e9co-consciente\",\"publisher\":{\"@id\":\"https:\/\/nuvem.paris\/#organization\"},\"potentialAction\":[{\"@type\":\"SearchAction\",\"target\":{\"@type\":\"EntryPoint\",\"urlTemplate\":\"https:\/\/nuvem.paris\/?s={search_term_string}\"},\"query-input\":{\"@type\":\"PropertyValueSpecification\",\"valueRequired\":true,\"valueName\":\"search_term_string\"}}],\"inLanguage\":\"fr-FR\"},{\"@type\":\"Organization\",\"@id\":\"https:\/\/nuvem.paris\/#organization\",\"name\":\"Nuvem\",\"url\":\"https:\/\/nuvem.paris\/\",\"logo\":{\"@type\":\"ImageObject\",\"inLanguage\":\"fr-FR\",\"@id\":\"https:\/\/nuvem.paris\/#\/schema\/logo\/image\/\",\"url\":\"https:\/\/nuvem.paris\/wp-content\/uploads\/2024\/04\/autocollant.png\",\"contentUrl\":\"https:\/\/nuvem.paris\/wp-content\/uploads\/2024\/04\/autocollant.png\",\"width\":800,\"height\":360,\"caption\":\"Nuvem\"},\"image\":{\"@id\":\"https:\/\/nuvem.paris\/#\/schema\/logo\/image\/\"}}]}<\/script>\n<!-- \/ Yoast SEO plugin. -->","yoast_head_json":{"title":"BOB NOIR  Nuvem - Nuvem","robots":{"index":"index","follow":"follow","max-snippet":"max-snippet:-1","max-image-preview":"max-image-preview:large","max-video-preview":"max-video-preview:-1"},"canonical":"https:\/\/nuvem.paris\/index.php\/produit\/bob-noir-nuvem\/","og_locale":"fr_FR","og_type":"article","og_title":"BOB NOIR  Nuvem - Nuvem","og_description":"&nbsp; Bob avec des \u0153illets brod\u00e9s et surpiq\u00fbres \u00e0 l\u2019extr\u00e9mit\u00e9 Double surpiq\u00fbre au niveau des coutures lat\u00e9rales et autour du haut du chapeau Bas du bob avec une bande de finition Tissu \u00e9pais\u00a0: 300 g\/m\u00b2 Tissu ext\u00e9rieur\u00a0: 80\u00a0% coton recycl\u00e9, 20 % polyester recycl\u00e9 ; int\u00e9rieur\u00a0: 100 % coton bio. taille normal A B S\/M [&hellip;]","og_url":"https:\/\/nuvem.paris\/index.php\/produit\/bob-noir-nuvem\/","og_site_name":"Nuvem","article_modified_time":"2026-04-28T16:20:23+00:00","og_image":[{"width":1000,"height":1000,"url":"https:\/\/nuvem.paris\/wp-content\/uploads\/2025\/02\/1-9.png","type":"image\/png"}],"twitter_card":"summary_large_image","twitter_misc":{"Dur\u00e9e de lecture estim\u00e9e":"1 minute"},"schema":{"@context":"https:\/\/schema.org","@graph":[{"@type":"WebPage","@id":"https:\/\/nuvem.paris\/index.php\/produit\/bob-noir-nuvem\/","url":"https:\/\/nuvem.paris\/index.php\/produit\/bob-noir-nuvem\/","name":"BOB NOIR Nuvem - Nuvem","isPartOf":{"@id":"https:\/\/nuvem.paris\/#website"},"primaryImageOfPage":{"@id":"https:\/\/nuvem.paris\/index.php\/produit\/bob-noir-nuvem\/#primaryimage"},"image":{"@id":"https:\/\/nuvem.paris\/index.php\/produit\/bob-noir-nuvem\/#primaryimage"},"thumbnailUrl":"https:\/\/nuvem.paris\/wp-content\/uploads\/2025\/02\/1-9.png","datePublished":"2025-02-24T20:40:02+00:00","dateModified":"2026-04-28T16:20:23+00:00","breadcrumb":{"@id":"https:\/\/nuvem.paris\/index.php\/produit\/bob-noir-nuvem\/#breadcrumb"},"inLanguage":"fr-FR","potentialAction":[{"@type":"ReadAction","target":["https:\/\/nuvem.paris\/index.php\/produit\/bob-noir-nuvem\/"]}]},{"@type":"ImageObject","inLanguage":"fr-FR","@id":"https:\/\/nuvem.paris\/index.php\/produit\/bob-noir-nuvem\/#primaryimage","url":"https:\/\/nuvem.paris\/wp-content\/uploads\/2025\/02\/1-9.png","contentUrl":"https:\/\/nuvem.paris\/wp-content\/uploads\/2025\/02\/1-9.png","width":1000,"height":1000},{"@type":"BreadcrumbList","@id":"https:\/\/nuvem.paris\/index.php\/produit\/bob-noir-nuvem\/#breadcrumb","itemListElement":[{"@type":"ListItem","position":1,"name":"Accueil","item":"https:\/\/nuvem.paris\/"},{"@type":"ListItem","position":2,"name":"Boutique","item":"https:\/\/nuvem.paris\/index.php\/boutique\/"},{"@type":"ListItem","position":3,"name":"BOB NOIR Nuvem"}]},{"@type":"WebSite","@id":"https:\/\/nuvem.paris\/#website","url":"https:\/\/nuvem.paris\/","name":"Nuvem","description":"Portugal inspir\u00e9, nature pr\u00e9serv\u00e9e - la mode \u00e9co-consciente","publisher":{"@id":"https:\/\/nuvem.paris\/#organization"},"potentialAction":[{"@type":"SearchAction","target":{"@type":"EntryPoint","urlTemplate":"https:\/\/nuvem.paris\/?s={search_term_string}"},"query-input":{"@type":"PropertyValueSpecification","valueRequired":true,"valueName":"search_term_string"}}],"inLanguage":"fr-FR"},{"@type":"Organization","@id":"https:\/\/nuvem.paris\/#organization","name":"Nuvem","url":"https:\/\/nuvem.paris\/","logo":{"@type":"ImageObject","inLanguage":"fr-FR","@id":"https:\/\/nuvem.paris\/#\/schema\/logo\/image\/","url":"https:\/\/nuvem.paris\/wp-content\/uploads\/2024\/04\/autocollant.png","contentUrl":"https:\/\/nuvem.paris\/wp-content\/uploads\/2024\/04\/autocollant.png","width":800,"height":360,"caption":"Nuvem"},"image":{"@id":"https:\/\/nuvem.paris\/#\/schema\/logo\/image\/"}}]}},"_links":{"self":[{"href":"https:\/\/nuvem.paris\/index.php\/wp-json\/wp\/v2\/product\/3037","targetHints":{"allow":["GET"]}}],"collection":[{"href":"https:\/\/nuvem.paris\/index.php\/wp-json\/wp\/v2\/product"}],"about":[{"href":"https:\/\/nuvem.paris\/index.php\/wp-json\/wp\/v2\/types\/product"}],"replies":[{"embeddable":true,"href":"https:\/\/nuvem.paris\/index.php\/wp-json\/wp\/v2\/comments?post=3037"}],"version-history":[{"count":1,"href":"https:\/\/nuvem.paris\/index.php\/wp-json\/wp\/v2\/product\/3037\/revisions"}],"predecessor-version":[{"id":3046,"href":"https:\/\/nuvem.paris\/index.php\/wp-json\/wp\/v2\/product\/3037\/revisions\/3046"}],"wp:featuredmedia":[{"embeddable":true,"href":"https:\/\/nuvem.paris\/index.php\/wp-json\/wp\/v2\/media\/3036"}],"wp:attachment":[{"href":"https:\/\/nuvem.paris\/index.php\/wp-json\/wp\/v2\/media?parent=3037"}],"wp:term":[{"taxonomy":"product_brand","embeddable":true,"href":"https:\/\/nuvem.paris\/index.php\/wp-json\/wp\/v2\/product_brand?post=3037"},{"taxonomy":"product_cat","embeddable":true,"href":"https:\/\/nuvem.paris\/index.php\/wp-json\/wp\/v2\/product_cat?post=3037"},{"taxonomy":"product_tag","embeddable":true,"href":"https:\/\/nuvem.paris\/index.php\/wp-json\/wp\/v2\/product_tag?post=3037"}],"curies":[{"name":"wp","href":"https:\/\/api.w.org\/{rel}","templated":true}]}}

<p>&nbsp;</p>
<ul class="listMCE">
<li>Bob avec des œillets brodés et surpiqûres à l’extrémité</li>
<li>Double surpiqûre au niveau des coutures latérales et autour du haut du chapeau</li>
<li>Bas du bob avec une bande de finition</li>
<li>Tissu épais : 300 g/m²</li>
<li>Tissu extérieur : 80 % coton recyclé, 20 % polyester recyclé ; intérieur : 100 % coton bio.</li>
</ul>
<div class="size-table ">
<div class="size-image-wrapper">
<p><img decoding="async" src="https://image.spreadshirtmedia.net/image-server/v1/productTypes/2096/variants/size?width=200&amp;height=200" alt="Bob recyclé Stanley/Stella" width="200" height="200" /></p>
<div class="size-hint">taille normal</div>
</div>
<div class="size-table-wrapper">
<table>
<thead>
<tr>
<th></th>
<th class="measure-name">A</th>
<th class="measure-name">B</th>
</tr>
</thead>
<tbody>
<tr class="size size-25">
<td class="size-cell">S/M (Casquettes)</td>
<td class="measure-cell measure-cell-0">85 mm</td>
<td class="measure-cell measure-cell-1">575 mm</td>
</tr>
<tr class="size size-390">
<td class="size-cell">M/L (Casquettes)</td>
<td class="measure-cell measure-cell-0">85 mm</td>
<td class="measure-cell measure-cell-1">600 mm</td>
</tr>
</tbody>
</table>
<p>Pas de retour encore disponible sur cette article</p>
</div>
</div>

<p>&nbsp; Bob avec des œillets brodés et surpiqûres à l’extrémité Double surpiqûre au niveau des coutures latérales et autour du haut du chapeau Bas du bob avec une bande de finition Tissu épais : 300 g/m² Tissu extérieur : 80 % coton recyclé, 20 % polyester recyclé ; intérieur : 100 % coton bio. taille normal A B S/M [&hellip;]</p>

<!-- This site is optimized with the Yoast SEO plugin v26.2 - https://yoast.com/wordpress/plugins/seo/ -->
<title>BOB NOIR  Nuvem - Nuvem</title>
<meta name="robots" content="index, follow, max-snippet:-1, max-image-preview:large, max-video-preview:-1" />
<link rel="canonical" href="https://nuvem.paris/index.php/produit/bob-noir-nuvem/" />
<meta property="og:locale" content="fr_FR" />
<meta property="og:type" content="article" />
<meta property="og:title" content="BOB NOIR  Nuvem - Nuvem" />
<meta property="og:description" content="&nbsp; Bob avec des œillets brodés et surpiqûres à l’extrémité Double surpiqûre au niveau des coutures latérales et autour du haut du chapeau Bas du bob avec une bande de finition Tissu épais : 300 g/m² Tissu extérieur : 80 % coton recyclé, 20 % polyester recyclé ; intérieur : 100 % coton bio. taille normal A B S/M [&hellip;]" />
<meta property="og:url" content="https://nuvem.paris/index.php/produit/bob-noir-nuvem/" />
<meta property="og:site_name" content="Nuvem" />
<meta property="article:modified_time" content="2026-04-28T16:20:23+00:00" />
<meta property="og:image" content="https://nuvem.paris/wp-content/uploads/2025/02/1-9.png" />
	<meta property="og:image:width" content="1000" />
	<meta property="og:image:height" content="1000" />
	<meta property="og:image:type" content="image/png" />
<meta name="twitter:card" content="summary_large_image" />
<meta name="twitter:label1" content="Durée de lecture estimée" />
	<meta name="twitter:data1" content="1 minute" />
<script type="application/ld+json" class="yoast-schema-graph">{"@context":"https://schema.org","@graph":[{"@type":"WebPage","@id":"https://nuvem.paris/index.php/produit/bob-noir-nuvem/","url":"https://nuvem.paris/index.php/produit/bob-noir-nuvem/","name":"BOB NOIR Nuvem - Nuvem","isPartOf":{"@id":"https://nuvem.paris/#website"},"primaryImageOfPage":{"@id":"https://nuvem.paris/index.php/produit/bob-noir-nuvem/#primaryimage"},"image":{"@id":"https://nuvem.paris/index.php/produit/bob-noir-nuvem/#primaryimage"},"thumbnailUrl":"https://nuvem.paris/wp-content/uploads/2025/02/1-9.png","datePublished":"2025-02-24T20:40:02+00:00","dateModified":"2026-04-28T16:20:23+00:00","breadcrumb":{"@id":"https://nuvem.paris/index.php/produit/bob-noir-nuvem/#breadcrumb"},"inLanguage":"fr-FR","potentialAction":[{"@type":"ReadAction","target":["https://nuvem.paris/index.php/produit/bob-noir-nuvem/"]}]},{"@type":"ImageObject","inLanguage":"fr-FR","@id":"https://nuvem.paris/index.php/produit/bob-noir-nuvem/#primaryimage","url":"https://nuvem.paris/wp-content/uploads/2025/02/1-9.png","contentUrl":"https://nuvem.paris/wp-content/uploads/2025/02/1-9.png","width":1000,"height":1000},{"@type":"BreadcrumbList","@id":"https://nuvem.paris/index.php/produit/bob-noir-nuvem/#breadcrumb","itemListElement":[{"@type":"ListItem","position":1,"name":"Accueil","item":"https://nuvem.paris/"},{"@type":"ListItem","position":2,"name":"Boutique","item":"https://nuvem.paris/index.php/boutique/"},{"@type":"ListItem","position":3,"name":"BOB NOIR Nuvem"}]},{"@type":"WebSite","@id":"https://nuvem.paris/#website","url":"https://nuvem.paris/","name":"Nuvem","description":"Portugal inspiré, nature préservée - la mode éco-consciente","publisher":{"@id":"https://nuvem.paris/#organization"},"potentialAction":[{"@type":"SearchAction","target":{"@type":"EntryPoint","urlTemplate":"https://nuvem.paris/?s={search_term_string}"},"query-input":{"@type":"PropertyValueSpecification","valueRequired":true,"valueName":"search_term_string"}}],"inLanguage":"fr-FR"},{"@type":"Organization","@id":"https://nuvem.paris/#organization","name":"Nuvem","url":"https://nuvem.paris/","logo":{"@type":"ImageObject","inLanguage":"fr-FR","@id":"https://nuvem.paris/#/schema/logo/image/","url":"https://nuvem.paris/wp-content/uploads/2024/04/autocollant.png","contentUrl":"https://nuvem.paris/wp-content/uploads/2024/04/autocollant.png","width":800,"height":360,"caption":"Nuvem"},"image":{"@id":"https://nuvem.paris/#/schema/logo/image/"}}]}</script>
<!-- / Yoast SEO plugin. -->

&nbsp; Bob avec des œillets brodés et surpiqûres à l’extrémité Double surpiqûre au niveau des coutures latérales et autour du haut du chapeau Bas du bob avec une bande de finition Tissu épais : 300 g/m² Tissu extérieur : 80 % coton recyclé, 20 % polyester recyclé ; intérieur : 100 % coton bio. taille normal A B S/M [&hellip;]

Portugal inspiré, nature préservée - la mode éco-consciente
