{"id":2316,"date":"2024-10-29T18:10:23","date_gmt":"2024-10-29T17:10:23","guid":{"rendered":"https:\/\/nuvem.paris\/?post_type=product&#038;p=2316"},"modified":"2026-04-29T16:21:18","modified_gmt":"2026-04-29T14:21:18","slug":"sweat-ado-portugal-noir","status":"publish","type":"product","link":"https:\/\/nuvem.paris\/index.php\/produit\/sweat-ado-portugal-noir\/","title":{"rendered":"SWEAT ADO <br \/> Portugal Noir"},"content":{"rendered":"<ul class=\"listMCE\">\n<li>Sweat \u00e0 capuche doubl\u00e9e avec des manches mont\u00e9es<\/li>\n<li>Poche kangourou<\/li>\n<li>Empi\u00e8cements en forme de demi-lune au niveau de la nuque avec une double couture<\/li>\n<li>Tissu \u00e9pais\u00a0: 300 g\/m\u00b2<\/li>\n<li>Composition : 100 % coton bio<\/li>\n<li>Les retours ne sont pas disponible sur cette article pour le moment<\/li>\n<\/ul>\n<div class=\"size-table \">\n<div class=\"size-image-wrapper\">\n<p><img decoding=\"async\" src=\"https:\/\/image.spreadshirtmedia.net\/image-server\/v1\/productTypes\/3244\/variants\/size?width=200&amp;height=200\" alt=\"Sweat \u00e0 capuche bio Mini Cruiser Stanley\/Stella Ado\" width=\"200\" height=\"200\" \/><\/p>\n<div class=\"size-hint\">taille normal<\/div>\n<\/div>\n<div class=\"size-table-wrapper\">\n<table>\n<thead>\n<tr>\n<th><\/th>\n<th class=\"measure-name\">A<\/th>\n<th class=\"measure-name\">B<\/th>\n<th class=\"measure-name\">C<\/th>\n<\/tr>\n<\/thead>\n<tbody>\n<tr class=\"size size-111\">\n<td class=\"size-cell\">134\/146 (9-11 ans)<\/td>\n<td class=\"measure-cell measure-cell-0\">590 mm<\/td>\n<td class=\"measure-cell measure-cell-1\">460 mm<\/td>\n<td class=\"measure-cell measure-cell-2\">505 mm<\/td>\n<\/tr>\n<tr class=\"size size-438\">\n<td class=\"size-cell\">152\/158 (12-13 ans)<\/td>\n<td class=\"measure-cell measure-cell-0\">660 mm<\/td>\n<td class=\"measure-cell measure-cell-1\">500 mm<\/td>\n<td class=\"measure-cell measure-cell-2\">575 mm<\/td>\n<\/tr>\n<\/tbody>\n<\/table>\n<\/div>\n<\/div>\n","protected":false},"excerpt":{"rendered":"<p>Sweat \u00e0 capuche doubl\u00e9e avec des manches mont\u00e9es Poche kangourou Empi\u00e8cements en forme de demi-lune au niveau de la nuque avec une double couture Tissu \u00e9pais\u00a0: 300 g\/m\u00b2 Composition : 100 % coton bio Les retours ne sont pas disponible sur cette article pour le moment taille normal A B C 134\/146 (9-11 ans) 590 [&hellip;]<\/p>\n","protected":false},"featured_media":3618,"comment_status":"open","ping_status":"closed","template":"","meta":[],"product_brand":[],"product_cat":[70],"product_tag":[],"class_list":{"0":"post-2316","1":"product","2":"type-product","3":"status-publish","4":"has-post-thumbnail","6":"product_cat-sweat-ados","8":"first","9":"instock","10":"shipping-taxable","11":"purchasable","12":"product-type-variable"},"yoast_head":"<!-- This site is optimized with the Yoast SEO plugin v26.2 - https:\/\/yoast.com\/wordpress\/plugins\/seo\/ -->\n<title>SWEAT ADO  Portugal Noir - Nuvem<\/title>\n<meta name=\"robots\" content=\"index, follow, max-snippet:-1, max-image-preview:large, max-video-preview:-1\" \/>\n<link rel=\"canonical\" href=\"https:\/\/nuvem.paris\/index.php\/produit\/sweat-ado-portugal-noir\/\" \/>\n<meta property=\"og:locale\" content=\"fr_FR\" \/>\n<meta property=\"og:type\" content=\"article\" \/>\n<meta property=\"og:title\" content=\"SWEAT ADO  Portugal Noir - Nuvem\" \/>\n<meta property=\"og:description\" content=\"Sweat \u00e0 capuche doubl\u00e9e avec des manches mont\u00e9es Poche kangourou Empi\u00e8cements en forme de demi-lune au niveau de la nuque avec une double couture Tissu \u00e9pais\u00a0: 300 g\/m\u00b2 Composition : 100 % coton bio Les retours ne sont pas disponible sur cette article pour le moment taille normal A B C 134\/146 (9-11 ans) 590 [&hellip;]\" \/>\n<meta property=\"og:url\" content=\"https:\/\/nuvem.paris\/index.php\/produit\/sweat-ado-portugal-noir\/\" \/>\n<meta property=\"og:site_name\" content=\"Nuvem\" \/>\n<meta property=\"article:modified_time\" content=\"2026-04-29T14:21:18+00:00\" \/>\n<meta property=\"og:image\" content=\"https:\/\/nuvem.paris\/wp-content\/uploads\/2025\/04\/1-10.png\" \/>\n\t<meta property=\"og:image:width\" content=\"1000\" \/>\n\t<meta property=\"og:image:height\" content=\"1000\" \/>\n\t<meta property=\"og:image:type\" content=\"image\/png\" \/>\n<meta name=\"twitter:card\" content=\"summary_large_image\" \/>\n<meta name=\"twitter:label1\" content=\"Dur\u00e9e de lecture estim\u00e9e\" \/>\n\t<meta name=\"twitter:data1\" content=\"1 minute\" \/>\n<script type=\"application\/ld+json\" class=\"yoast-schema-graph\">{\"@context\":\"https:\/\/schema.org\",\"@graph\":[{\"@type\":\"WebPage\",\"@id\":\"https:\/\/nuvem.paris\/index.php\/produit\/sweat-ado-portugal-noir\/\",\"url\":\"https:\/\/nuvem.paris\/index.php\/produit\/sweat-ado-portugal-noir\/\",\"name\":\"SWEAT ADO Portugal Noir - Nuvem\",\"isPartOf\":{\"@id\":\"https:\/\/nuvem.paris\/#website\"},\"primaryImageOfPage\":{\"@id\":\"https:\/\/nuvem.paris\/index.php\/produit\/sweat-ado-portugal-noir\/#primaryimage\"},\"image\":{\"@id\":\"https:\/\/nuvem.paris\/index.php\/produit\/sweat-ado-portugal-noir\/#primaryimage\"},\"thumbnailUrl\":\"https:\/\/nuvem.paris\/wp-content\/uploads\/2025\/04\/1-10.png\",\"datePublished\":\"2024-10-29T17:10:23+00:00\",\"dateModified\":\"2026-04-29T14:21:18+00:00\",\"breadcrumb\":{\"@id\":\"https:\/\/nuvem.paris\/index.php\/produit\/sweat-ado-portugal-noir\/#breadcrumb\"},\"inLanguage\":\"fr-FR\",\"potentialAction\":[{\"@type\":\"ReadAction\",\"target\":[\"https:\/\/nuvem.paris\/index.php\/produit\/sweat-ado-portugal-noir\/\"]}]},{\"@type\":\"ImageObject\",\"inLanguage\":\"fr-FR\",\"@id\":\"https:\/\/nuvem.paris\/index.php\/produit\/sweat-ado-portugal-noir\/#primaryimage\",\"url\":\"https:\/\/nuvem.paris\/wp-content\/uploads\/2025\/04\/1-10.png\",\"contentUrl\":\"https:\/\/nuvem.paris\/wp-content\/uploads\/2025\/04\/1-10.png\",\"width\":1000,\"height\":1000},{\"@type\":\"BreadcrumbList\",\"@id\":\"https:\/\/nuvem.paris\/index.php\/produit\/sweat-ado-portugal-noir\/#breadcrumb\",\"itemListElement\":[{\"@type\":\"ListItem\",\"position\":1,\"name\":\"Accueil\",\"item\":\"https:\/\/nuvem.paris\/\"},{\"@type\":\"ListItem\",\"position\":2,\"name\":\"Boutique\",\"item\":\"https:\/\/nuvem.paris\/index.php\/boutique\/\"},{\"@type\":\"ListItem\",\"position\":3,\"name\":\"SWEAT ADO Portugal Noir\"}]},{\"@type\":\"WebSite\",\"@id\":\"https:\/\/nuvem.paris\/#website\",\"url\":\"https:\/\/nuvem.paris\/\",\"name\":\"Nuvem\",\"description\":\"Portugal inspir\u00e9, nature pr\u00e9serv\u00e9e - la mode \u00e9co-consciente\",\"publisher\":{\"@id\":\"https:\/\/nuvem.paris\/#organization\"},\"potentialAction\":[{\"@type\":\"SearchAction\",\"target\":{\"@type\":\"EntryPoint\",\"urlTemplate\":\"https:\/\/nuvem.paris\/?s={search_term_string}\"},\"query-input\":{\"@type\":\"PropertyValueSpecification\",\"valueRequired\":true,\"valueName\":\"search_term_string\"}}],\"inLanguage\":\"fr-FR\"},{\"@type\":\"Organization\",\"@id\":\"https:\/\/nuvem.paris\/#organization\",\"name\":\"Nuvem\",\"url\":\"https:\/\/nuvem.paris\/\",\"logo\":{\"@type\":\"ImageObject\",\"inLanguage\":\"fr-FR\",\"@id\":\"https:\/\/nuvem.paris\/#\/schema\/logo\/image\/\",\"url\":\"https:\/\/nuvem.paris\/wp-content\/uploads\/2024\/04\/autocollant.png\",\"contentUrl\":\"https:\/\/nuvem.paris\/wp-content\/uploads\/2024\/04\/autocollant.png\",\"width\":800,\"height\":360,\"caption\":\"Nuvem\"},\"image\":{\"@id\":\"https:\/\/nuvem.paris\/#\/schema\/logo\/image\/\"}}]}<\/script>\n<!-- \/ Yoast SEO plugin. -->","yoast_head_json":{"title":"SWEAT ADO  Portugal Noir - Nuvem","robots":{"index":"index","follow":"follow","max-snippet":"max-snippet:-1","max-image-preview":"max-image-preview:large","max-video-preview":"max-video-preview:-1"},"canonical":"https:\/\/nuvem.paris\/index.php\/produit\/sweat-ado-portugal-noir\/","og_locale":"fr_FR","og_type":"article","og_title":"SWEAT ADO  Portugal Noir - Nuvem","og_description":"Sweat \u00e0 capuche doubl\u00e9e avec des manches mont\u00e9es Poche kangourou Empi\u00e8cements en forme de demi-lune au niveau de la nuque avec une double couture Tissu \u00e9pais\u00a0: 300 g\/m\u00b2 Composition : 100 % coton bio Les retours ne sont pas disponible sur cette article pour le moment taille normal A B C 134\/146 (9-11 ans) 590 [&hellip;]","og_url":"https:\/\/nuvem.paris\/index.php\/produit\/sweat-ado-portugal-noir\/","og_site_name":"Nuvem","article_modified_time":"2026-04-29T14:21:18+00:00","og_image":[{"width":1000,"height":1000,"url":"https:\/\/nuvem.paris\/wp-content\/uploads\/2025\/04\/1-10.png","type":"image\/png"}],"twitter_card":"summary_large_image","twitter_misc":{"Dur\u00e9e de lecture estim\u00e9e":"1 minute"},"schema":{"@context":"https:\/\/schema.org","@graph":[{"@type":"WebPage","@id":"https:\/\/nuvem.paris\/index.php\/produit\/sweat-ado-portugal-noir\/","url":"https:\/\/nuvem.paris\/index.php\/produit\/sweat-ado-portugal-noir\/","name":"SWEAT ADO Portugal Noir - Nuvem","isPartOf":{"@id":"https:\/\/nuvem.paris\/#website"},"primaryImageOfPage":{"@id":"https:\/\/nuvem.paris\/index.php\/produit\/sweat-ado-portugal-noir\/#primaryimage"},"image":{"@id":"https:\/\/nuvem.paris\/index.php\/produit\/sweat-ado-portugal-noir\/#primaryimage"},"thumbnailUrl":"https:\/\/nuvem.paris\/wp-content\/uploads\/2025\/04\/1-10.png","datePublished":"2024-10-29T17:10:23+00:00","dateModified":"2026-04-29T14:21:18+00:00","breadcrumb":{"@id":"https:\/\/nuvem.paris\/index.php\/produit\/sweat-ado-portugal-noir\/#breadcrumb"},"inLanguage":"fr-FR","potentialAction":[{"@type":"ReadAction","target":["https:\/\/nuvem.paris\/index.php\/produit\/sweat-ado-portugal-noir\/"]}]},{"@type":"ImageObject","inLanguage":"fr-FR","@id":"https:\/\/nuvem.paris\/index.php\/produit\/sweat-ado-portugal-noir\/#primaryimage","url":"https:\/\/nuvem.paris\/wp-content\/uploads\/2025\/04\/1-10.png","contentUrl":"https:\/\/nuvem.paris\/wp-content\/uploads\/2025\/04\/1-10.png","width":1000,"height":1000},{"@type":"BreadcrumbList","@id":"https:\/\/nuvem.paris\/index.php\/produit\/sweat-ado-portugal-noir\/#breadcrumb","itemListElement":[{"@type":"ListItem","position":1,"name":"Accueil","item":"https:\/\/nuvem.paris\/"},{"@type":"ListItem","position":2,"name":"Boutique","item":"https:\/\/nuvem.paris\/index.php\/boutique\/"},{"@type":"ListItem","position":3,"name":"SWEAT ADO Portugal Noir"}]},{"@type":"WebSite","@id":"https:\/\/nuvem.paris\/#website","url":"https:\/\/nuvem.paris\/","name":"Nuvem","description":"Portugal inspir\u00e9, nature pr\u00e9serv\u00e9e - la mode \u00e9co-consciente","publisher":{"@id":"https:\/\/nuvem.paris\/#organization"},"potentialAction":[{"@type":"SearchAction","target":{"@type":"EntryPoint","urlTemplate":"https:\/\/nuvem.paris\/?s={search_term_string}"},"query-input":{"@type":"PropertyValueSpecification","valueRequired":true,"valueName":"search_term_string"}}],"inLanguage":"fr-FR"},{"@type":"Organization","@id":"https:\/\/nuvem.paris\/#organization","name":"Nuvem","url":"https:\/\/nuvem.paris\/","logo":{"@type":"ImageObject","inLanguage":"fr-FR","@id":"https:\/\/nuvem.paris\/#\/schema\/logo\/image\/","url":"https:\/\/nuvem.paris\/wp-content\/uploads\/2024\/04\/autocollant.png","contentUrl":"https:\/\/nuvem.paris\/wp-content\/uploads\/2024\/04\/autocollant.png","width":800,"height":360,"caption":"Nuvem"},"image":{"@id":"https:\/\/nuvem.paris\/#\/schema\/logo\/image\/"}}]}},"_links":{"self":[{"href":"https:\/\/nuvem.paris\/index.php\/wp-json\/wp\/v2\/product\/2316","targetHints":{"allow":["GET"]}}],"collection":[{"href":"https:\/\/nuvem.paris\/index.php\/wp-json\/wp\/v2\/product"}],"about":[{"href":"https:\/\/nuvem.paris\/index.php\/wp-json\/wp\/v2\/types\/product"}],"replies":[{"embeddable":true,"href":"https:\/\/nuvem.paris\/index.php\/wp-json\/wp\/v2\/comments?post=2316"}],"version-history":[{"count":14,"href":"https:\/\/nuvem.paris\/index.php\/wp-json\/wp\/v2\/product\/2316\/revisions"}],"predecessor-version":[{"id":3624,"href":"https:\/\/nuvem.paris\/index.php\/wp-json\/wp\/v2\/product\/2316\/revisions\/3624"}],"wp:featuredmedia":[{"embeddable":true,"href":"https:\/\/nuvem.paris\/index.php\/wp-json\/wp\/v2\/media\/3618"}],"wp:attachment":[{"href":"https:\/\/nuvem.paris\/index.php\/wp-json\/wp\/v2\/media?parent=2316"}],"wp:term":[{"taxonomy":"product_brand","embeddable":true,"href":"https:\/\/nuvem.paris\/index.php\/wp-json\/wp\/v2\/product_brand?post=2316"},{"taxonomy":"product_cat","embeddable":true,"href":"https:\/\/nuvem.paris\/index.php\/wp-json\/wp\/v2\/product_cat?post=2316"},{"taxonomy":"product_tag","embeddable":true,"href":"https:\/\/nuvem.paris\/index.php\/wp-json\/wp\/v2\/product_tag?post=2316"}],"curies":[{"name":"wp","href":"https:\/\/api.w.org\/{rel}","templated":true}]}}

<ul class="listMCE">
<li>Sweat à capuche doublée avec des manches montées</li>
<li>Poche kangourou</li>
<li>Empiècements en forme de demi-lune au niveau de la nuque avec une double couture</li>
<li>Tissu épais : 300 g/m²</li>
<li>Composition : 100 % coton bio</li>
<li>Les retours ne sont pas disponible sur cette article pour le moment</li>
</ul>
<div class="size-table ">
<div class="size-image-wrapper">
<p><img decoding="async" src="https://image.spreadshirtmedia.net/image-server/v1/productTypes/3244/variants/size?width=200&amp;height=200" alt="Sweat à capuche bio Mini Cruiser Stanley/Stella Ado" width="200" height="200" /></p>
<div class="size-hint">taille normal</div>
</div>
<div class="size-table-wrapper">
<table>
<thead>
<tr>
<th></th>
<th class="measure-name">A</th>
<th class="measure-name">B</th>
<th class="measure-name">C</th>
</tr>
</thead>
<tbody>
<tr class="size size-111">
<td class="size-cell">134/146 (9-11 ans)</td>
<td class="measure-cell measure-cell-0">590 mm</td>
<td class="measure-cell measure-cell-1">460 mm</td>
<td class="measure-cell measure-cell-2">505 mm</td>
</tr>
<tr class="size size-438">
<td class="size-cell">152/158 (12-13 ans)</td>
<td class="measure-cell measure-cell-0">660 mm</td>
<td class="measure-cell measure-cell-1">500 mm</td>
<td class="measure-cell measure-cell-2">575 mm</td>
</tr>
</tbody>
</table>
</div>
</div>

<p>Sweat à capuche doublée avec des manches montées Poche kangourou Empiècements en forme de demi-lune au niveau de la nuque avec une double couture Tissu épais : 300 g/m² Composition : 100 % coton bio Les retours ne sont pas disponible sur cette article pour le moment taille normal A B C 134/146 (9-11 ans) 590 [&hellip;]</p>

<!-- This site is optimized with the Yoast SEO plugin v26.2 - https://yoast.com/wordpress/plugins/seo/ -->
<title>SWEAT ADO  Portugal Noir - Nuvem</title>
<meta name="robots" content="index, follow, max-snippet:-1, max-image-preview:large, max-video-preview:-1" />
<link rel="canonical" href="https://nuvem.paris/index.php/produit/sweat-ado-portugal-noir/" />
<meta property="og:locale" content="fr_FR" />
<meta property="og:type" content="article" />
<meta property="og:title" content="SWEAT ADO  Portugal Noir - Nuvem" />
<meta property="og:description" content="Sweat à capuche doublée avec des manches montées Poche kangourou Empiècements en forme de demi-lune au niveau de la nuque avec une double couture Tissu épais : 300 g/m² Composition : 100 % coton bio Les retours ne sont pas disponible sur cette article pour le moment taille normal A B C 134/146 (9-11 ans) 590 [&hellip;]" />
<meta property="og:url" content="https://nuvem.paris/index.php/produit/sweat-ado-portugal-noir/" />
<meta property="og:site_name" content="Nuvem" />
<meta property="article:modified_time" content="2026-04-29T14:21:18+00:00" />
<meta property="og:image" content="https://nuvem.paris/wp-content/uploads/2025/04/1-10.png" />
	<meta property="og:image:width" content="1000" />
	<meta property="og:image:height" content="1000" />
	<meta property="og:image:type" content="image/png" />
<meta name="twitter:card" content="summary_large_image" />
<meta name="twitter:label1" content="Durée de lecture estimée" />
	<meta name="twitter:data1" content="1 minute" />
<script type="application/ld+json" class="yoast-schema-graph">{"@context":"https://schema.org","@graph":[{"@type":"WebPage","@id":"https://nuvem.paris/index.php/produit/sweat-ado-portugal-noir/","url":"https://nuvem.paris/index.php/produit/sweat-ado-portugal-noir/","name":"SWEAT ADO Portugal Noir - Nuvem","isPartOf":{"@id":"https://nuvem.paris/#website"},"primaryImageOfPage":{"@id":"https://nuvem.paris/index.php/produit/sweat-ado-portugal-noir/#primaryimage"},"image":{"@id":"https://nuvem.paris/index.php/produit/sweat-ado-portugal-noir/#primaryimage"},"thumbnailUrl":"https://nuvem.paris/wp-content/uploads/2025/04/1-10.png","datePublished":"2024-10-29T17:10:23+00:00","dateModified":"2026-04-29T14:21:18+00:00","breadcrumb":{"@id":"https://nuvem.paris/index.php/produit/sweat-ado-portugal-noir/#breadcrumb"},"inLanguage":"fr-FR","potentialAction":[{"@type":"ReadAction","target":["https://nuvem.paris/index.php/produit/sweat-ado-portugal-noir/"]}]},{"@type":"ImageObject","inLanguage":"fr-FR","@id":"https://nuvem.paris/index.php/produit/sweat-ado-portugal-noir/#primaryimage","url":"https://nuvem.paris/wp-content/uploads/2025/04/1-10.png","contentUrl":"https://nuvem.paris/wp-content/uploads/2025/04/1-10.png","width":1000,"height":1000},{"@type":"BreadcrumbList","@id":"https://nuvem.paris/index.php/produit/sweat-ado-portugal-noir/#breadcrumb","itemListElement":[{"@type":"ListItem","position":1,"name":"Accueil","item":"https://nuvem.paris/"},{"@type":"ListItem","position":2,"name":"Boutique","item":"https://nuvem.paris/index.php/boutique/"},{"@type":"ListItem","position":3,"name":"SWEAT ADO Portugal Noir"}]},{"@type":"WebSite","@id":"https://nuvem.paris/#website","url":"https://nuvem.paris/","name":"Nuvem","description":"Portugal inspiré, nature préservée - la mode éco-consciente","publisher":{"@id":"https://nuvem.paris/#organization"},"potentialAction":[{"@type":"SearchAction","target":{"@type":"EntryPoint","urlTemplate":"https://nuvem.paris/?s={search_term_string}"},"query-input":{"@type":"PropertyValueSpecification","valueRequired":true,"valueName":"search_term_string"}}],"inLanguage":"fr-FR"},{"@type":"Organization","@id":"https://nuvem.paris/#organization","name":"Nuvem","url":"https://nuvem.paris/","logo":{"@type":"ImageObject","inLanguage":"fr-FR","@id":"https://nuvem.paris/#/schema/logo/image/","url":"https://nuvem.paris/wp-content/uploads/2024/04/autocollant.png","contentUrl":"https://nuvem.paris/wp-content/uploads/2024/04/autocollant.png","width":800,"height":360,"caption":"Nuvem"},"image":{"@id":"https://nuvem.paris/#/schema/logo/image/"}}]}</script>
<!-- / Yoast SEO plugin. -->

Sweat à capuche doublée avec des manches montées Poche kangourou Empiècements en forme de demi-lune au niveau de la nuque avec une double couture Tissu épais : 300 g/m² Composition : 100 % coton bio Les retours ne sont pas disponible sur cette article pour le moment taille normal A B C 134/146 (9-11 ans) 590 [&hellip;]

Portugal inspiré, nature préservée - la mode éco-consciente
